2445388000 is divided by 2458?
2456
Calculate the remainder when 833237 is divided by 10547.
24
What is the remainder when 614007 is divided by 306899?
209
What is the remainder when 1990031 is divided by 940?
51
What is the remainder when 7215301 is divided by 4277?
2
Calculate the remainder when 1038070 is divided by 879.
850
What is the remainder when 25147 is divided by 8149?
700
What is the remainder when 7217815 is divided by 14?
3
Calculate the remainder when 31957 is divided by 5961.
2152
What is the remainder when 458909 is divided by 458897?
12
What is the remainder when 2681419 is divided by 446880?
139
Calculate the remainder when 57181 is divided by 10513.
4616
What is the remainder when 2643389 is divided by 123?
119
What is the remainder when 14943362 is divided by 43?
2
Calculate the remainder when 3133059 is divided by 872.
835
Calculate the remainder when 9834478 is divided by 1438.
1434
Calculate the remainder when 417604 is divided by 1419.
418
What is the remainder when 39100502 is divided by 8689?
2
What is the remainder when 1151530 is divided by 6?
4
Calculate the remainder when 7242304 is divided by 379.
372
What is the remainder when 2126233 is divided by 1?
0
What is the remainder when 1959615 is divided by 100?
15
Calculate the remainder when 16009738 is divided by 155.
98
Calculate the remainder when 148616111 is divided by 37154016.
47
Calculate the remainder when 3515178 is divided by 280.
58
What is the remainder when 5129 is divided by 1182?
401
Calculate the remainder when 43789987 is divided by 2499.
10
What is the remainder when 44435507 is divided by 483?
473
Calculate the remainder when 266770 is divided by 41.
24
What is the remainder when 65776670 is divided by 439?
422
What is the remainder when 3456143 is divided by 871?
15
Calculate the remainder when 1025564 is divided by 149.
146
What is the remainder when 20623641 is divided by 8878?
47
What is the remainder when 69224 is divided by 34582?
60
Calculate the remainder when 3839 is divided by 1536.
767
What is the remainder when 137547754 is divided by 564?
562
What is the remainder when 3406 is divided by 924?
634
What is the remainder when 736271 is divided by 13634?
35
What is the remainder when 61180893 is divided by 1371?
18
Calculate the remainder when 121524 is divided by 30043.
1352
What is the remainder when 6089894 is divided by 148?
138
What is the remainder when 641996 is divided by 6173?
4
What is the remainder when 4856888 is divided by 1214213?
36
What is the remainder when 227720 is divided by 75663?
731
What is the remainder when 1908387 is divided by 636118?
33
What is the remainder when 7898898 is divided by 61?
8
What is the remainder when 2362732 is divided by 2051?
2031
What is the remainder when 176436 is divided by 2634?
2592
Calculate the remainder when 45518589 is divided by 2078.
2077
Calculate the remainder when 133684 is divided by 133540.
144
What is the remainder when 248187 is divided by 49484?
767
Calculate the remainder when 3785699 is divided by 50.
49
Calculate the remainder when 352156 is divided by 7990.
596
What is the remainder when 1353267 is divided by 1706?
409
What is the remainder when 17602 is divided by 5704?
490
What is the remainder when 1218321 is divided by 4131?
3807
What is the remainder when 83069 is divided by 82985?
84
Calculate the remainder when 3162583 is divided by 35.
18
Calculate the remainder when 14546006 is divided by 26209.
11
What is the remainder when 590227054 is divided by 18?
16
What is the remainder when 874401 is divided by 13048?
185
What is the remainder when 226355 is divided by 923?
220
Calculate the remainder when 21002 is divided by 319.
267
What is the remainder when 989880 is divided by 3892?
1312
What is the remainder when 95777 is divided by 11862?
881
What is the remainder when 940025 is divided by 78334?
17
Calculate the remainder when 28965793 is divided by 286.
285
What is the remainder when 164928 is divided by 1107?
1092
What is the remainder when 3482384 is divided by 184?
0
Calculate the remainder when 12612114 is divided by 1801730.
4
Calculate the remainder when 11845274 is divided by 11845274.
0
Calculate the remainder when 55165 is divided by 121.
110
What is the remainder when 1121224 is divided by 285?
34
What is the remainder when 22682 is divided by 582?
566
What is the remainder when 290914 is divided by 5748?
3514
Calculate the remainder when 2890252 is divided by 963413.
13
Calculate the remainder when 94569160 is divided by 3261005.
15
What is the remainder when 399065312 is divided by 30?
2
What is the remainder when 6426463 is divided by 249?
22
What is the remainder when 49260 is divided by 3160?
1860
What is the remainder when 98914 is divided by 702?
634
What is the remainder when 380117 is divided by 462?
353
Calculate the remainder when 1626213 is divided by 135517.
9
Calculate the remainder when 36853 is divided by 4580.
213
Calculate the remainder when 10299 is divided by 6639.
3660
Calculate the remainder when 31695327 is divided by 1459.
11
Calculate the remainder when 264604 is divided by 5288.
204
Calculate the remainder when 318543 is divided by 79617.
75
Calculate the remainder when 1720187 is divided by 293.
277
Calculate the remainder when 1100481 is divided by 252.
249
Calculate the remainder when 9845112 is divided by 15.
12
What is the remainder when 4615776 is divided by 159?
6
Calculate the remainder when 86905567 is divided by 28968521.
4
Calculate the remainder when 24326296 is divided by 304075.
296
Calculate the remainder when 6272843 is divided by 44806.
3
Calculate the remainder when 6501436 is divided by 12551.
18
Calculate the remainder when 16195981 is divided by 5398656.
13
Calculate the remainder when 280164 is divided by 1090.
34
What is the remainder when 15408 is divided by 1781?
1160
Calculate the remainder when 1118274 is divided by 85.
14
What is the remainder when 19945743 is divided by 159?
147
Calculate the remainder when 2056026 is divided by 2055775.
251
What is the remainder when 193800 is divided by 74?
68
Calculate the remainder when 101017 is divided by 20181.
112
Calculate the remainder when 4942531 is divided by 1039.
8
Calculate the remainder when 10564490 is divided by 33.
2
What is the remainder when 1285510 is divided by 428360?
430
What is the remainder when 7478802 is divided by 2492907?
81
What is the remainder when 285755 is divided by 818?
273
Calculate the remainder when 10864452 is divided by 1805.
157
What is the remainder when 29558327 is divided by 1649?
2
Calculate the remainder when 454177 is divided by 9891.
9082
Calculate the remainder when 90464 is divided by 3613.
139
Calculate the remainder when 78841811 is divided by 1495.
1491
Calculate the remainder when 13797 is divided by 1497.
324
What is the remainder when 1599325 is divided by 1599319?
6
What is the remainder when 6833168 is divided by 322?
6
What is the remainder when 4754832 is divided by 91?
82
What is the remainder when 2086387 is divided by 1286?
495
Calculate the remainder when 1038103 is divided by 545.
423
What is the remainder when 1393280 is divided by 1538?
1390
Calculate the remainder when 13838973 is divided by 532266.
57
What is the remainder when 1075102733 is divided by 178?
177
Calculate the remainder when 313925 is divided by 313716.
209
Calculate the remainder when 11399550 is divided by 380.
310
What is the remainder when 959167 is divided by 33?
22
Calculate the remainder when 32303503 is divided by 126.
1
Calculate the remainder when 4340534 is divided by 135.
14
Calculate the remainder when 2084398 is divided by 720.
718
What is the remainder when 199257 is divided by 117?
6
What is the remainder when 41630848 is divided by 123?
22
What is the remainder when 18439555 is divided by 64?
3
Calculate the remainder when 8424183 is divided by 247.
1
What is the remainder when 15661621 is divided by 1084?
1073
Calculate the remainder when 312115527 is divided by 121493.
10
Calculate the remainder when 406269676 is divided by 3994.
3990
Calculate the remainder when 189603 is divided by 86.
59
Calculate the remainder when 1359880 is divided by 1359839.
41
Calculate the remainder when 693 is divided by 52